0321214
In base 11, what is -141 - -a2897?
a2756
In base 4, what is 22 + -21221301223?
-21221301201
In base 14, what is -18aa69 - 9?
-18aa74
In base 13, what is -424 - 47a28?
-4814c
In base 10, what is -9 - -815538?
815529
In base 8, what is 16 - -5720331?
5720347
In base 3, what is 12 + 21111201201?
21111201220
In base 11, what is 164314 + 482?
164796
In base 11, what is 5 + -80837a55?
-80837a50
In base 5, what is 11 - 41222131410?
-41222131344
In base 8, what is -570230 - 250?
-570500
In base 2, what is 1000001 - -100100111111100101?
100101000000100110
In base 12, what is 7 + 254958?
254963
In base 9, what is -1327407046 - -2?
-1327407044
In base 11, what is -409 + -8695?
-8aa3
In base 13, what is 81bac0 - -a0?
81bb90
In base 2, what is -1101011000000 - -1100111101010111?
1011010010010111
In base 11, what is -11925686a + -5?
-119256874
In base 3, what is 1020220200200221201 - -11?
1020220200200221212
In base 6, what is 4455055524 + 30?
4455055554
In base 16, what is -391b5a + -8?
-391b62
In base 9, what is 443 + 22135?
22578
In base 7, what is -5 + 1350243616?
1350243611
In base 7, what is 516025 - -1245?
520303
In base 15, what is -a3a11 + -31?
-a3a42
In base 8, what is 26552053 - -2?
26552055
In base 15, what is ed39 - 528?
e811
In base 2, what is 10 - -1001010011101111011111110?
1001010011101111100000000
In base 4, what is 10113013032200 - 1?
10113013032133
In base 7, what is 15 + 140311126?
140311144
In base 13, what is -110ba + -449?
-11536
In base 4, what is 10333012 + -1112301?
3220111
In base 6, what is 135 - -10123510?
10124045
In base 7, what is -505021 - -325?
-504363
In base 9, what is 615 + 28467?
30183
In base 10, what is -495411 - -31?
-495380
In base 16, what is -72c40ff + 2?
-72c40fd
In base 15, what is 243 + d8?
32b
In base 12, what is 10a1b2a73 - 5?
10a1b2a6a
In base 11, what is 1a - 103785?
-103766
In base 5, what is -34011104 + -1331?
-34012440
In base 8, what is -415 - 3312?
-3727
In base 10, what is 243232 + 1343?
244575
In base 3, what is 1 + 1220122010021001?
1220122010021002
In base 6, what is 20454 - 35205?
-14311
In base 15, what is -8 + c9a5c?
c9a54
In base 2, what is 10 + -10001100000101011000000101?
-10001100000101011000000011
In base 13, what is -80b1081 + -2?
-80b1083
In base 16, what is 4425 - -3f10?
8335
In base 5, what is 112240331123 + -1?
112240331122
In base 12, what is 5 - 57b362a?
-57b3625
In base 10, what is -85 - 258957?
-259042
In base 10, what is -2730 - -12528?
9798
In base 9, what is -877 + 6624?
5636
In base 10, what is -10 + -12851229?
-12851239
In base 5, what is 124223300 - -1142?
124224442
In base 16, what is -2f60491 - 0?
-2f60491
In base 14, what is c9865c0 + 2?
c9865c2
In base 2, what is -1100111011010 + 1000010?
-1100110011000
In base 6, what is -11 + 5135332?
5135321
In base 2, what is 10110100001 - -10001000111111001?
10001011110011010
In base 13, what is -2 - 38a99c7?
-38a99c9
In base 9, what is 2545 - -30235?
32781
In base 10, what is -1 + -65683759?
-65683760
In base 13, what is 55359c5 - -2?
55359c7
In base 6, what is -1130112303 + 10?
-1130112253
In base 12, what is 922123 + -1?
922122
In base 2, what is -101010101001111011100 + 100001100?
-101010101001011010000
In base 14, what is 598a9 + 281?
59b4a
In base 2, what is -1010 + 1000001111100111?
1000001111011101
In base 16, what is 7 + -4ff03?
-4fefc
In base 8, what is 26130 - 16307?
7621
In base 9, what is -3553 + -16425?
-21078
In base 16, what is -1ec + -477ae?
-4799a
In base 4, what is -323 - 120031202?
-120032131
In base 2, what is 10011101010000000000000010 - -10?
10011101010000000000000100
In base 6, what is 3124454 + -550?
3123504
In base 2, what is 1011101000110111100 + -100000100101?
1011100100110010111
In base 5, what is -4403234441 + -11?
-4403240002
In base 11, what is 34a8 - -1612?
500a
In base 11, what is -186a2 - 6572?
-24164
In base 9, what is -164420 + 351?
-164058
In base 4, what is -1211 + -333203102?
-333210313
In base 5, what is -104031303 + -22?
-104031330
In base 2, what is 11100100101101110010 - -101111101?
11100100110011101111
In base 2, what is -11111011100 + 1000110011010111?
1000010011111011
In base 4, what is 121022103233 + -1?
121022103232
In base 15, what is -5e3 + -2da7?
-349a
In base 10, what is 123194484 + 1?
123194485
In base 8, what is 240363 + 717?
241302
In base 3, what is -11022122002 + 100?
-11022121202
In base 16, what is 2f292 - 1d?
2f275
In base 14, what is -58 + 67256?
671dc
In base 15, what is 26e28ab + 4?
26e28b0
In base 13, what is 0 + -1aaac43?
-1aaac43
In base 3, what is 1111022211201 + -12220?
1111022121211
In base 2, what is 10100010110011 - 11000010001101100?
-10101101110111001
In base 9, what is -3033852228 - -3?
-3033852225
In base 13, what is -25461 + -96?
-25527
In base 5, what is 101014 - -1412232?
2013301
In base 11, what is -88950141 + 7?
-88950135
In base 10, what is -2323 - 13978?
-16301
In base 5, what is -143442 + 23?
-143414
In base 6, what is -15312 + 134110?
114354
In base 15, what is -526a58 + -17?
-526a70
In base 8, what is 4062124 - -140?
4062264
In base 10, what is 2 + 71796207?
71796209
In base 4, what is 10010 + 31323313?
31333323
In base 3, what is 1000011001120 - -220?
1000011002110
In base 12, what is -17436 + -712?
-17b48
In base 11, what is -6 + 7416a2?
741697
In base 12, what is 4 - -1a273750?
1a273754
In base 10, what is -2399 + 586?
-1813
In base 16, what is 2 + 1635fdb?
1635fdd
In base 14, what is 4dd930 + -d8?
4dd836
In base 2, what is 1111110111 - -10000100101110?
10010100100101
In base 5, what is 2104302 - -14440?
2124242
In base 14, what is -5 - -281530c?
2815307
In base 2, what is 1001110110 + 101101001011001?
101110011001111
In base 13, what is c7b9 + -bc?
c6ca
In base 14, what is 4d + -1bcaa8?
-1bca59
In base 9, what is 628242 + 1565?
630817
In base 5, what is -10 - -3303223133?
3303223123
In base 14, what is -2a1c022 + 0?
-2a1c022
In base 4, what is -223 - 22130101?
-22130330
In base 9, what is 1 - -3757365?
3757366
In base 5, what is 10 + -322410300414?
-322410300404
In base 11, what is -487467 - -a?
-487458
In base 10, what is -71555 - 1115?
-72670
In base 10, what is -4 - -5218894?
5218890
In base 4, what is -1 + -22210011111333?
-22210011112000
In base 14, what is 2 + -140384?
-140382
In base 12, what is -1b5407b + -2?
-1b54081
In base 9, what is 1203858 + 8?
1203867
In base 16, what is 7b6b + 4dd5?
c940
In base 3, what is -100121220100121020 + 12?
-100121220100121001
In base 6, what is -1 + 251452352?
251452351
In base 7, what is 3254224 - 1065?
3253126
In base 16, what is 0 - 6b8bff6?
-6b8bff6
In base 5, what is -120343 + 1111022?
440124
In base 11, what is -1366721 - -3?
-1366719
In base 13, what is 55ab9 + -12?
55aa7
In base 2, what is -10000111 + 10000011000111111101101?
10000011000111101100110
In base 8, what is -141156 + 4721?
-134235
In base 6, what is -10551324 - -305?
-10551015
In base 4, what is -1303110 - 113210113?
-121113223
In base 16, what is 31 + 58b6c4?
58b6f5
In base 7, what is 10546 + 412523?
423402
In base 2, what is 11101101110 - -1101000111100111?
1101100101010101
In base 11, what is 70525 - 92?
70443
In base 6, what is -41020 + 10512?
-30104
In base 14, what is 10ad + -2580?
-14b1
In base 12, what is 2138b77 - -8?
2138b83
In base 8, what is -7 - -156613133?
156613124
In base 5, what is -122313024313 + -10?
-122313024323
In base 9, what is -217 - 2544430?
-2544647
In base 15, what is 56c99 - -107?
56da1
In base 14, what is -ac07 + -822c?
-15035
In base 6, what is 1223120325 - -2?
1223120331
In base 9, what is -6401118 - -5?
-6401113
In base 12, what is -6273 + 232b?
-3b44
In base 4, what is -3133 + 1310122322?
1310113123
In base 10, what is 8 - -7532181?
7532189
In base 13, what is 7a7467 - 4?
7a7463
In base 14, what is -6 + 81985c7?
81985c1
In base 8, what is 7600 - 44524?
-34724
In base 9, what is -254 + 172434?
172170
In base 4, what is 0 + -1012210100322?
-1012210100322
In base 4, what is -2003001323213 - 10?
-2003001323223
In base 14, what is -bc41a + 3?
-bc417
In base 14, what is 33b759 - -35?
33b790
In base 9, what is -3 + 43735600?
43735586
In base 6, what is 231201 + 4153?
235354
In base 14, what is 150752 - 8?
150748
In base 4, what is 21 + -1222302200?
-1222302113
In base 14, what is 414c5b + 1b?
414